t are the prime factors of 883859071?
29, 37, 823727
List the prime factors of 208834096.
2, 13052131
What are the prime factors of 238461689?
1427, 167107
List the prime factors of 51214306.
2, 11, 13, 331, 541
List the prime factors of 109305811.
109305811
List the prime factors of 1891307953.
17, 59, 79, 23869
List the prime factors of 1025077293.
3, 53, 227, 9467
What are the prime factors of 42414011?
42414011
What are the prime factors of 193865845?
5, 38773169
What are the prime factors of 672747552?
2, 3, 778643
List the prime factors of 21737612.
2, 13, 418031
List the prime factors of 35928820.
2, 5, 17, 105673
List the prime factors of 57517391.
3989, 14419
List the prime factors of 104457554.
2, 17, 19, 97, 1667
List the prime factors of 67207012.
2, 23, 73, 10007
List the prime factors of 213847379.
6653, 32143
List the prime factors of 1185974666.
2, 227, 569, 4591
List the prime factors of 1706568566.
2, 853284283
List the prime factors of 733340621.
13, 1619, 34843
List the prime factors of 15158120.
2, 5, 378953
What are the prime factors of 43977784?
2, 5497223
What are the prime factors of 10664828?
2, 151, 17657
List the prime factors of 67359138.
2, 3, 7, 11, 145799
List the prime factors of 16580043.
3, 53, 34759
List the prime factors of 316749675.
3, 5, 11, 23, 16693
List the prime factors of 1614392559.
3, 13, 43, 106963
What are the prime factors of 5836046334?
2, 3, 37, 199, 132103
What are the prime factors of 6907379?
89, 77611
List the prime factors of 197873615.
5, 39574723
List the prime factors of 7713204071.
19, 9749, 41641
List the prime factors of 61763395.
5, 19, 23, 1229
What are the prime factors of 214521669?
3, 73, 127, 857
What are the prime factors of 411125601?
3, 67, 499, 4099
List the prime factors of 2370225945.
3, 5, 1609, 98207
What are the prime factors of 87950996?
2, 7, 17, 43, 4297
What are the prime factors of 198751521?
3, 66250507
List the prime factors of 8668707.
3, 2889569
List the prime factors of 8105697.
3, 83, 3617
List the prime factors of 25368896.
2, 7, 17, 3331
List the prime factors of 177565374.
2, 3, 7, 17, 19, 4363
List the prime factors of 1931538143.
1931538143
What are the prime factors of 551025042?
2, 3, 19, 4833553
What are the prime factors of 63291808?
2, 137, 14437
List the prime factors of 2612194917.
3, 19, 43, 56093
What are the prime factors of 8864781?
3, 2954927
List the prime factors of 15985604.
2, 701, 5701
What are the prime factors of 1261155848?
2, 157644481
List the prime factors of 123522336.
2, 3, 7, 8753
What are the prime factors of 85214418?
2, 3, 14202403
List the prime factors of 470603665.
5, 7, 251, 53569
List the prime factors of 401384649.
3, 133794883
List the prime factors of 48032989.
48032989
List the prime factors of 1106216440.
2, 5, 7, 47, 84059
List the prime factors of 1244864161.
113, 3209, 3433
What are the prime factors of 2706354767?
103, 26275289
What are the prime factors of 2323460848?
2, 761, 190823
What are the prime factors of 1683936337?
31, 89, 101, 6043
List the prime factors of 5636828599.
677, 2833, 2939
What are the prime factors of 242242649?
11, 31, 710389
List the prime factors of 259999053.
3, 211, 410741
List the prime factors of 6001570680.
2, 3, 5, 7, 173, 41299
What are the prime factors of 1385474616?
2, 3, 199, 96697
List the prime factors of 25841734.
2, 17, 229, 3319
What are the prime factors of 797290620?
2, 3, 5, 7, 29, 67, 977
What are the prime factors of 449251025?
5, 2083, 8627
List the prime factors of 43373576.
2, 131, 41387
What are the prime factors of 2599475070?
2, 3, 5, 86649169
What are the prime factors of 175590627?
3, 58530209
List the prime factors of 150438471.
3, 41, 1223077
What are the prime factors of 63103925?
5, 2524157
What are the prime factors of 520336645?
5, 104067329
What are the prime factors of 1407174833?
2311, 608903
What are the prime factors of 56123884?
2, 569, 24659
List the prime factors of 738454660.
2, 5, 137, 181, 1489
What are the prime factors of 183892951?
11, 463, 36107
List the prime factors of 40839585.
3, 5, 2722639
What are the prime factors of 1293458927?
1293458927
What are the prime factors of 3663907156?
2, 7, 13, 774283
What are the prime factors of 421689561?
3, 419, 335473
What are the prime factors of 4245786?
2, 3, 235877
List the prime factors of 2442001592.
2, 3697, 82567
What are the prime factors of 75009128?
2, 9376141
List the prime factors of 294766091.
23, 61, 210097
What are the prime factors of 312714087?
3, 7, 14891147
List the prime factors of 479081184.
2, 3, 4990429
List the prime factors of 2980943742.
2, 3, 7, 70974851
What are the prime factors of 60458957?
13, 4650689
What are the prime factors of 27958723?
13, 2150671
What are the prime factors of 88678855?
5, 67, 97, 2729
List the prime factors of 7165181754.
2, 3, 44229517
What are the prime factors of 2222336885?
5, 761, 584057
List the prime factors of 7791926.
2, 3895963
List the prime factors of 1513479936.
2, 3, 1970677
What are the prime factors of 795314595?
3, 5, 1553, 34141
List the prime factors of 3804154173.
3, 73, 109, 17707
List the prime factors of 152294934.
2, 3, 11, 2307499
What are the prime factors of 670556005?
5, 7, 19158743
What are the prime factors of 64199862?
2, 3, 3566659
What are the prime factors of 6655195?
5, 1331039
What are the prime factors of 1627321725?
3, 5, 2410847
List the prime factors of 133938032.
2, 8371127
What are the prime factors of 817185036?
2, 3, 17, 61, 97, 677
List the prime factors of 164530993.
11, 1723, 8681
List the prime factors of 188406849.
3, 37, 41, 41399
What are the prime factors of 1843705842?
2, 3, 11, 31, 313, 2879
What are the prime factors of 2373902793?
3, 29, 1307, 6959
List the prime factors of 130034988.
2, 3, 3612083
What are the prime factors of 371477994?
2, 3, 29, 619, 3449
List the prime factors of 2137215487.
11, 41, 4738837
List the prime factors of 926797973.
926797973
List the prime factors of 966854473.
13, 23, 569, 5683
List the prime factors of 338678480.
2, 5, 7, 53, 11411
List the prime factors of 161536263.
3, 7, 67, 114809
List the prime factors of 66404098.
2, 311, 106759
What are the prime factors of 3856765296?
2, 3, 409, 196453
List the prime factors of 2517145394.
2, 5119, 245863
List the prime factors of 54972282.
2, 3, 19, 482213
List the prime factors of 983370257.
677, 1452541
What are the prime factors of 85245127?
11, 293, 26449
What are the prime factors of 1121026856?
2, 43, 829, 3931
What are the prime factors of 281723221?
13, 21671017
What are the prime factors of 10576577?
11, 961507
List the prime factors of 276896112.
2, 3, 5768669
What are the prime factors of 52065697?
37, 1407181
List the prime factors of 2667961970.
2, 5, 266796197
List the prime factors of 3174309217.
37, 85792141
List the prime factors of 204277859.
347, 461, 1277
What are the prime factors of 148978436?
2, 31, 1201439
What are the prime factors of 1991568769?
67, 1489, 19963
What are the prime factors of 4579165011?
3, 2851, 535387
What are the prime factors of 1829507205?
3, 5, 121967147
What are the prime factors of 533494858?
2, 13, 20519033
What are the prime factors of 38316017?
41, 934537
List the prime factors of 36949739.
101, 365839
List the prime factors of 27507433.
41, 263, 2551
What are the prime factors of 1590364128?
2, 3, 1069, 15497
List the prime factors of 203123048.
2, 71, 357611
List the prime factors of 1274390017.
1274390017
What are the prime factors of 194861502?
2, 3, 11, 984149
What are the prime factors of 55901569?
23, 2430503
What are the prime factors of 9575801?
9575801
What are the prime factors of 259048362?
2, 3, 1721, 25087
List the prime factors of 151109101.
11, 13, 1056707
List the prime factors of 2473156287.
3, 7, 13085483
List the prime factors of 17856780.
2, 3, 5, 297613
What are the prime factors of 3353753355?
3, 5, 223583557
What are the prime factors of 18854885?
5, 7, 538711
List the prime factors of 4338640.
2, 5, 193, 281
List the prime factors of 8447418.
2, 3, 7, 67043
What are the prime factors of 369468836?
2, 11, 8397019
What are the prime factors of 3473696?
2, 108553
List the prime factors of 5244638517.
3, 317, 612763
List the prime